{"id":51,"date":"2013-12-05T19:13:36","date_gmt":"2013-12-05T17:13:36","guid":{"rendered":"http:\/\/joachim-borner.de\/?page_id=51"},"modified":"2013-12-23T23:27:24","modified_gmt":"2013-12-23T21:27:24","slug":"samenanbau-2","status":"publish","type":"page","link":"https:\/\/joachim-borner.de\/?page_id=51","title":{"rendered":"Stauden und Geh\u00f6lze"},"content":{"rendered":"<p><a href=\"http:\/\/joachim-borner.de\/wp-content\/uploads\/2013\/12\/bild_samen_und_setzlinge.jpg\"><img loading=\"lazy\" decoding=\"async\" class=\"alignnone size-full wp-image-99\" alt=\"bild_samen_und_setzlinge\" src=\"http:\/\/joachim-borner.de\/wp-content\/uploads\/2013\/12\/bild_samen_und_setzlinge.jpg\" width=\"250\" height=\"166\" \/><\/a><\/p>\n<p>Stauden sind aus unseren G\u00e4rten nicht mehr wegzudenken. Unsere ausgew\u00e4hlten Sortimente haben wir f\u00fcr Sie zusammengestellt.<\/p>\n<p>Auf unserem Hof ziehen wir auch Baumarten, die unter den Bedingungen des Klimawandels ein hohes Potential haben, stabile W\u00e4lder zu bilden. Hierbei liegt das wesentliche Augenmerk auf der Toleranz gegen\u00fcber andauernden Trockenphasen, aber auch auf der Frostresistenz.<\/p>\n","protected":false},"excerpt":{"rendered":"<p>Stauden sind aus unseren G\u00e4rten nicht mehr wegzudenken. Unsere ausgew\u00e4hlten Sortimente haben wir f\u00fcr Sie zusammengestellt. Auf unserem Hof ziehen wir auch Baumarten, die unter den Bedingungen des Klimawandels ein hohes Potential haben, stabile W\u00e4lder zu bilden. Hierbei liegt das &hellip; <a href=\"https:\/\/joachim-borner.de\/?page_id=51\">Weiterlesen <span class=\"meta-nav\">&rarr;<\/span><\/a><\/p>\n","protected":false},"author":1,"featured_media":0,"parent":0,"menu_order":0,"comment_status":"closed","ping_status":"closed","template":"sidebar-page.php","meta":{"footnotes":""},"class_list":["post-51","page","type-page","status-publish","hentry"],"_links":{"self":[{"href":"https:\/\/joachim-borner.de\/index.php?rest_route=\/wp\/v2\/pages\/51","targetHints":{"allow":["GET"]}}],"collection":[{"href":"https:\/\/joachim-borner.de\/index.php?rest_route=\/wp\/v2\/pages"}],"about":[{"href":"https:\/\/joachim-borner.de\/index.php?rest_route=\/wp\/v2\/types\/page"}],"author":[{"embeddable":true,"href":"https:\/\/joachim-borner.de\/index.php?rest_route=\/wp\/v2\/users\/1"}],"replies":[{"embeddable":true,"href":"https:\/\/joachim-borner.de\/index.php?rest_route=%2Fwp%2Fv2%2Fcomments&post=51"}],"version-history":[{"count":7,"href":"https:\/\/joachim-borner.de\/index.php?rest_route=\/wp\/v2\/pages\/51\/revisions"}],"predecessor-version":[{"id":155,"href":"https:\/\/joachim-borner.de\/index.php?rest_route=\/wp\/v2\/pages\/51\/revisions\/155"}],"wp:attachment":[{"href":"https:\/\/joachim-borner.de\/index.php?rest_route=%2Fwp%2Fv2%2Fmedia&parent=51"}],"curies":[{"name":"wp","href":"https:\/\/api.w.org\/{rel}","templated":true}]}}