{"id":502,"date":"2014-06-16T14:22:38","date_gmt":"2014-06-16T12:22:38","guid":{"rendered":"http:\/\/joachim-borner.de\/?page_id=502"},"modified":"2014-06-16T14:22:38","modified_gmt":"2014-06-16T12:22:38","slug":"blauer-schwede-bluecongo","status":"publish","type":"page","link":"http:\/\/joachim-borner.de\/?page_id=502","title":{"rendered":"Blauer Schwede (BlueCongo)"},"content":{"rendered":"<p>Herkunft und Alter unbekannt, Landsorte aus Genbank, Mittelfr\u00fch, rundovale Knolle, blauschalig, blau- lila Fleisch, mittleres kr\u00e4ftiges Kraut, kr\u00e4ftiger Kartoffelgeschmack, vorwiegend festkochend<\/p>\n","protected":false},"excerpt":{"rendered":"<p>Herkunft und Alter unbekannt, Landsorte aus Genbank, Mittelfr\u00fch, rundovale Knolle, blauschalig, blau- lila Fleisch, mittleres kr\u00e4ftiges Kraut, kr\u00e4ftiger Kartoffelgeschmack, vorwiegend festkochend<\/p>\n","protected":false},"author":1,"featured_media":0,"parent":142,"menu_order":0,"comment_status":"closed","ping_status":"closed","template":"sidebar-page.php","meta":{"footnotes":""},"class_list":["post-502","page","type-page","status-publish","hentry"],"_links":{"self":[{"href":"http:\/\/joachim-borner.de\/index.php?rest_route=\/wp\/v2\/pages\/502","targetHints":{"allow":["GET"]}}],"collection":[{"href":"http:\/\/joachim-borner.de\/index.php?rest_route=\/wp\/v2\/pages"}],"about":[{"href":"http:\/\/joachim-borner.de\/index.php?rest_route=\/wp\/v2\/types\/page"}],"author":[{"embeddable":true,"href":"http:\/\/joachim-borner.de\/index.php?rest_route=\/wp\/v2\/users\/1"}],"replies":[{"embeddable":true,"href":"http:\/\/joachim-borner.de\/index.php?rest_route=%2Fwp%2Fv2%2Fcomments&post=502"}],"version-history":[{"count":1,"href":"http:\/\/joachim-borner.de\/index.php?rest_route=\/wp\/v2\/pages\/502\/revisions"}],"predecessor-version":[{"id":503,"href":"http:\/\/joachim-borner.de\/index.php?rest_route=\/wp\/v2\/pages\/502\/revisions\/503"}],"up":[{"embeddable":true,"href":"http:\/\/joachim-borner.de\/index.php?rest_route=\/wp\/v2\/pages\/142"}],"wp:attachment":[{"href":"http:\/\/joachim-borner.de\/index.php?rest_route=%2Fwp%2Fv2%2Fmedia&parent=502"}],"curies":[{"name":"wp","href":"https:\/\/api.w.org\/{rel}","templated":true}]}}