{"id":377,"date":"2014-06-13T11:38:37","date_gmt":"2014-06-13T09:38:37","guid":{"rendered":"http:\/\/joachim-borner.de\/?page_id=377"},"modified":"2014-06-16T13:39:07","modified_gmt":"2014-06-16T11:39:07","slug":"zichoriensalat-zuckerhut","status":"publish","type":"page","link":"http:\/\/joachim-borner.de\/?page_id=377","title":{"rendered":"Zichoriensalat \u2018Zuckerhut\u2019"},"content":{"rendered":"<p>Seine t\u00fctenf\u00f6rmige K\u00f6pfe k\u00f6nnen bis zu 40 cm gro\u00df und 1,5 kg schwer werden. Nussiger Geschmack &#8211; eignet er sich vorallem f\u00fcr die Zubereitung von Mischsalaten.<\/p>\n","protected":false},"excerpt":{"rendered":"<p>Seine t\u00fctenf\u00f6rmige K\u00f6pfe k\u00f6nnen bis zu 40 cm gro\u00df und 1,5 kg schwer werden. Nussiger Geschmack &#8211; eignet er sich vorallem f\u00fcr die Zubereitung von Mischsalaten.<\/p>\n","protected":false},"author":1,"featured_media":0,"parent":142,"menu_order":0,"comment_status":"closed","ping_status":"closed","template":"sidebar-page.php","meta":{"footnotes":""},"class_list":["post-377","page","type-page","status-publish","hentry"],"_links":{"self":[{"href":"http:\/\/joachim-borner.de\/index.php?rest_route=\/wp\/v2\/pages\/377","targetHints":{"allow":["GET"]}}],"collection":[{"href":"http:\/\/joachim-borner.de\/index.php?rest_route=\/wp\/v2\/pages"}],"about":[{"href":"http:\/\/joachim-borner.de\/index.php?rest_route=\/wp\/v2\/types\/page"}],"author":[{"embeddable":true,"href":"http:\/\/joachim-borner.de\/index.php?rest_route=\/wp\/v2\/users\/1"}],"replies":[{"embeddable":true,"href":"http:\/\/joachim-borner.de\/index.php?rest_route=%2Fwp%2Fv2%2Fcomments&post=377"}],"version-history":[{"count":3,"href":"http:\/\/joachim-borner.de\/index.php?rest_route=\/wp\/v2\/pages\/377\/revisions"}],"predecessor-version":[{"id":493,"href":"http:\/\/joachim-borner.de\/index.php?rest_route=\/wp\/v2\/pages\/377\/revisions\/493"}],"up":[{"embeddable":true,"href":"http:\/\/joachim-borner.de\/index.php?rest_route=\/wp\/v2\/pages\/142"}],"wp:attachment":[{"href":"http:\/\/joachim-borner.de\/index.php?rest_route=%2Fwp%2Fv2%2Fmedia&parent=377"}],"curies":[{"name":"wp","href":"https:\/\/api.w.org\/{rel}","templated":true}]}}