{"id":353,"date":"2014-06-13T10:35:25","date_gmt":"2014-06-13T08:35:25","guid":{"rendered":"http:\/\/joachim-borner.de\/?page_id=353"},"modified":"2014-06-16T13:33:39","modified_gmt":"2014-06-16T11:33:39","slug":"wilde-artischocke-kardy-cynara-cardunculus","status":"publish","type":"page","link":"http:\/\/joachim-borner.de\/?page_id=353","title":{"rendered":"Wilde Artischocke Kardy \u2013 Cynara cardunculus"},"content":{"rendered":"<p>Ein echter Blickfang im Garten! Blau-violette Bl\u00fcten. Demenstprechend ein echtes Highlight f\u00fcr jedes Gem\u00fcsebeet. Heilpflanze im Altertum. Im Winter mit Laub vor Wintern\u00e4sse sch\u00fctzen.<\/p>\n","protected":false},"excerpt":{"rendered":"<p>Ein echter Blickfang im Garten! Blau-violette Bl\u00fcten. Demenstprechend ein echtes Highlight f\u00fcr jedes Gem\u00fcsebeet. Heilpflanze im Altertum. Im Winter mit Laub vor Wintern\u00e4sse sch\u00fctzen.<\/p>\n","protected":false},"author":1,"featured_media":0,"parent":142,"menu_order":0,"comment_status":"closed","ping_status":"closed","template":"sidebar-page.php","meta":{"footnotes":""},"class_list":["post-353","page","type-page","status-publish","hentry"],"_links":{"self":[{"href":"http:\/\/joachim-borner.de\/index.php?rest_route=\/wp\/v2\/pages\/353","targetHints":{"allow":["GET"]}}],"collection":[{"href":"http:\/\/joachim-borner.de\/index.php?rest_route=\/wp\/v2\/pages"}],"about":[{"href":"http:\/\/joachim-borner.de\/index.php?rest_route=\/wp\/v2\/types\/page"}],"author":[{"embeddable":true,"href":"http:\/\/joachim-borner.de\/index.php?rest_route=\/wp\/v2\/users\/1"}],"replies":[{"embeddable":true,"href":"http:\/\/joachim-borner.de\/index.php?rest_route=%2Fwp%2Fv2%2Fcomments&post=353"}],"version-history":[{"count":4,"href":"http:\/\/joachim-borner.de\/index.php?rest_route=\/wp\/v2\/pages\/353\/revisions"}],"predecessor-version":[{"id":491,"href":"http:\/\/joachim-borner.de\/index.php?rest_route=\/wp\/v2\/pages\/353\/revisions\/491"}],"up":[{"embeddable":true,"href":"http:\/\/joachim-borner.de\/index.php?rest_route=\/wp\/v2\/pages\/142"}],"wp:attachment":[{"href":"http:\/\/joachim-borner.de\/index.php?rest_route=%2Fwp%2Fv2%2Fmedia&parent=353"}],"curies":[{"name":"wp","href":"https:\/\/api.w.org\/{rel}","templated":true}]}}